{"id":146,"date":"2024-06-20T09:44:28","date_gmt":"2024-06-20T09:44:28","guid":{"rendered":"http:\/\/himalayandorjeeling.com\/?page_id=146"},"modified":"2025-09-08T11:24:08","modified_gmt":"2025-09-08T11:24:08","slug":"darjeeling-teegarten-und-deren-geschichte","status":"publish","type":"page","link":"https:\/\/himalayandorjeeling.com\/?page_id=146","title":{"rendered":"DARJEELING TEEG\u00c4RTEN UND DEREN GESCHICHTE"},"content":{"rendered":"<p>[et_pb_section fb_built=&#8221;1&#8243; _builder_version=&#8221;4.24.2&#8243; _module_preset=&#8221;default&#8221; global_colors_info=&#8221;{}&#8221;][et_pb_row _builder_version=&#8221;4.24.2&#8243; _module_preset=&#8221;default&#8221; global_colors_info=&#8221;{}&#8221;][et_pb_column type=&#8221;4_4&#8243; _builder_version=&#8221;4.24.2&#8243; _module_preset=&#8221;default&#8221; global_colors_info=&#8221;{}&#8221;][et_pb_heading title=&#8221;DARJEELING TEEG\u00c4RTEN UND DEREN GESCHICHTE&#8221; _builder_version=&#8221;4.27.2&#8243; _module_preset=&#8221;default&#8221; title_font=&#8221;Akaya Kanadaka|700|||||||&#8221; title_text_shadow_style=&#8221;preset1&#8243; title_text_shadow_blur_strength=&#8221;0.88em&#8221; title_text_shadow_color=&#8221;#7CDA24&#8243; global_colors_info=&#8221;{}&#8221;][\/et_pb_heading][et_pb_image src=&#8221;http:\/\/himalayandorjeeling.com\/wp-content\/uploads\/2024\/03\/PHOTO-2024-02-14-07-51-04-scaled.jpg&#8221; title_text=&#8221;PHOTO-2024-02-14-07-51-04&#8243; _builder_version=&#8221;4.24.2&#8243; _module_preset=&#8221;default&#8221; global_colors_info=&#8221;{}&#8221;][\/et_pb_image][et_pb_text _builder_version=&#8221;4.27.3&#8243; _module_preset=&#8221;default&#8221; text_font=&#8221;||||||||&#8221; text_text_color=&#8221;#000000&#8243; text_font_size=&#8221;16px&#8221; global_colors_info=&#8221;{}&#8221;]<\/p>\n<p class=\"ds-markdown-paragraph\"><strong>Darjeeling-Tee: Geschichte, Geografie und Gegenwart<\/strong><\/p>\n<p class=\"ds-markdown-paragraph\"><strong>Kolonialer Ursprung und Expansion<\/strong><br \/>Der Name \u201eDarjeeling\u201c geht auf eine britische Fehlaussprache von \u201eDorjeeling\u201c zur\u00fcck. Die Briten starteten hier im 19. Jahrhundert ein Experiment, um das chinesische Tee-Monopol zu brechen. Nach dem <strong>Indo-Nepal-Krieg (1814\u20131816)<\/strong> expandierten sie in der Region und gr\u00fcndeten Teeg\u00e4rten, die bis heute existieren. Diese wurden zun\u00e4chst von indogermanischen Unternehmern betrieben und nutzten <strong>billige nepalesische Arbeitskr\u00e4fte<\/strong>, deren Anpassungsf\u00e4higkeit an das Hochland des Himalaya entscheidend f\u00fcr den Erfolg war.<\/p>\n<p class=\"ds-markdown-paragraph\"><strong>Heutige Struktur der Teeg\u00e4rten<\/strong><\/p>\n<ul>\n<li>\n<p class=\"ds-markdown-paragraph\"><strong>87 Teeg\u00e4rten<\/strong> erstrecken sich \u00fcber sieben T\u00e4ler in Darjeeling und Kalimpong.<\/p>\n<\/li>\n<li>\n<p class=\"ds-markdown-paragraph\">Die meisten werden von Firmen verwaltet, einige insolvente G\u00e4rten werden dennoch von Einheimischen gepflegt und liefern weiterhin Tee.<\/p>\n<\/li>\n<li>\n<p class=\"ds-markdown-paragraph\">Viele G\u00e4rten tragen <strong>ethnisch gepr\u00e4gte Namen<\/strong> und werden seit Generationen von Familien bewirtschaftet, die traditionelles Wissen bewahren.<\/p>\n<\/li>\n<li>\n<p class=\"ds-markdown-paragraph\">Einige sind <strong>bio-zertifiziert<\/strong> (u. a. vom US-Landwirtschaftsministerium), andere setzen auf konventionellen Anbau.<\/p>\n<\/li>\n<\/ul>\n<p class=\"ds-markdown-paragraph\"><strong>Geografie und Geschmack<\/strong><br \/>Die <strong>Lage der G\u00e4rten<\/strong> pr\u00e4gt den Tee entscheidend:<\/p>\n<ul>\n<li>\n<p class=\"ds-markdown-paragraph\"><strong>Ostausrichtung<\/strong>: Mehr Sonne f\u00fchrt zu intensiveren Aromen.<\/p>\n<\/li>\n<li>\n<p class=\"ds-markdown-paragraph\"><strong>H\u00f6henlage und Boden<\/strong>: Verleihen dem Tee mineralische Noten und Komplexit\u00e4t.<\/p>\n<\/li>\n<li>\n<p class=\"ds-markdown-paragraph\">Jeder Garten produziert einen <strong>einzigartigen Charakter<\/strong>, weshalb Tees nach Garten und Erntejahr benannt werden \u2013 eine Garantie f\u00fcr Authentizit\u00e4t.<\/p>\n<\/li>\n<\/ul>\n<p class=\"ds-markdown-paragraph\"><strong>Soziale Realit\u00e4t der Arbeiter:innen<\/strong><\/p>\n<ul>\n<li>\n<p class=\"ds-markdown-paragraph\"><strong>Bezahlung<\/strong>: Selbstst\u00e4ndige Pfl\u00fccker:innen werden nach Kilo Ernte entlohnt, nicht nach Stunden. Der <strong>Mindestlohn<\/strong> liegt unter <strong>3 US-Dollar pro Tag<\/strong> (8 Stunden harte Arbeit in steilem Gel\u00e4nde).<\/p>\n<\/li>\n<li>\n<p class=\"ds-markdown-paragraph\"><strong>Herausforderungen<\/strong>: Trotz des weltweiten Ruhms des Darjeeling-Tees leben viele Arbeiter:innen in prek\u00e4ren Verh\u00e4ltnissen.<\/p>\n<\/li>\n<\/ul>\n<p class=\"ds-markdown-paragraph\"><strong>Fazit<\/strong><br \/>Darjeeling-Tee ist ein <strong>Symbol kolonialer Geschichte und handwerklicher Tradition<\/strong>, aber auch ein Spiegel sozialer Ungleichheit. Seine einzigartigen Aromen entstehen durch das Zusammenspiel von H\u00f6henlage, Boden und menschlicher Expertise \u2013 doch hinter jedem Schluck steht auch die harte Arbeit der nepalesischen Gemeinschaften, die seit 200 Jahren das R\u00fcckgrat dieser Industrie bilden.<\/p>\n<p><span class=\"Y2IQFc\" style=\"font-family: ABeeZee; font-weight: normal;\" lang=\"de\">\u00a0<\/span><\/p>\n<p><span style=\"color: #000000;\"><\/span><\/p>\n<p>[\/et_pb_text][\/et_pb_column][\/et_pb_row][et_pb_row column_structure=&#8221;1_4,1_4,1_4,1_4&#8243; _builder_version=&#8221;4.24.2&#8243; _module_preset=&#8221;default&#8221; global_colors_info=&#8221;{}&#8221;][et_pb_column type=&#8221;1_4&#8243; _builder_version=&#8221;4.24.2&#8243; _module_preset=&#8221;default&#8221; global_colors_info=&#8221;{}&#8221;][et_pb_heading title=&#8221;DARJEELING EAST&#8221; _builder_version=&#8221;4.24.2&#8243; _module_preset=&#8221;default&#8221; title_font=&#8221;|700|||||||&#8221; global_colors_info=&#8221;{}&#8221;][\/et_pb_heading][et_pb_text _builder_version=&#8221;4.27.3&#8243; _module_preset=&#8221;default&#8221; text_font=&#8221;|600|||||||&#8221; global_colors_info=&#8221;{}&#8221;]<\/p>\n<p><span style=\"font-size: 18px; color: #000000;\">Risheehat Tea Estate (ORGANIC)<\/span><\/p>\n<p><span style=\"font-size: 18px; color: #000000;\">Chongtong\/ Sirisi Tea Estate (ORGANIC))<\/span><\/p>\n<p><span style=\"font-size: 18px; color: #000000;\">Liza Hill Tea Estate (ORGANIC)<\/span><\/p>\n<p><span style=\"font-size: 18px; color: #000000;\">Dooteriah (Kallej \u00a0Valley) Tea Estate<\/span><\/p>\n<p><span style=\"font-size: 18px; color: #000000;\">Tumsong Tea Estate (ORGANIC)<\/span><\/p>\n<p><span style=\"font-size: 18px; color: #000000;\">Lingia Tea Estate (ORGANIC)<\/span><\/p>\n<p><span style=\"font-size: 18px; color: #000000;\">Orange Valley\/Bloomfield Tea Estate (ORGANIC)<\/span><\/p>\n<p>[\/et_pb_text][\/et_pb_column][et_pb_column type=&#8221;1_4&#8243; _builder_version=&#8221;4.24.2&#8243; _module_preset=&#8221;default&#8221; global_colors_info=&#8221;{}&#8221;][et_pb_heading title=&#8221;DARJEELING WEST&#8221; _builder_version=&#8221;4.24.2&#8243; _module_preset=&#8221;default&#8221; title_font=&#8221;|700|||||||&#8221; global_colors_info=&#8221;{}&#8221;][\/et_pb_heading][et_pb_text _builder_version=&#8221;4.27.3&#8243; _module_preset=&#8221;default&#8221; text_font=&#8221;|600|||||||&#8221; global_colors_info=&#8221;{}&#8221;]<\/p>\n<p><span style=\"font-size: 18px; color: #000000;\">Ging Tea Estate (ORGANIC)<\/span><\/p>\n<p><span style=\"font-size: 18px; color: #000000;\">Badamtam Tea Estate<\/span><\/p>\n<p><span style=\"font-size: 18px; color: #000000;\">Bannockburn Tea Estate (ORGANIC)<\/span><\/p>\n<p><span style=\"font-size: 18px; color: #000000;\">Pandam Tea Estate<\/span><\/p>\n<p><span style=\"font-size: 18px; color: #000000;\">Barnesbeg Tea Estate (ORGANIC)<\/span><\/p>\n<p><span style=\"font-size: 18px; color: #000000;\">Phoobsering Tea Estate (ORGANIC)<\/span><\/p>\n<p><span style=\"font-size: 18px; color: #000000;\">Happy Valley Tea Estate (ORGANIC)<\/span><\/p>\n<p><span style=\"font-size: 18px; color: #000000;\">Singtam Tea Estate (ORGANIC)<\/span><\/p>\n<p><span style=\"font-size: 18px; color: #000000;\">North Tukvar Tea Estate<\/span><\/p>\n<p><span style=\"font-size: 18px; color: #000000;\">Rungneet Tea Estate<\/span><\/p>\n<p><span style=\"font-size: 18px; color: #000000;\">Phuttabong Tea Estate (ORGANIC)<\/span><\/p>\n<p><span style=\"font-size: 18px; color: #000000;\">Rangaroon Tea Estate<\/span><\/p>\n<p><span style=\"font-size: 18px; color: #000000;\">Steinthal Tea Estate (ORGANIC)<\/span><\/p>\n<p><span style=\"font-size: 18px; color: #000000;\">Soom Tea Estate (ORGANIC)<\/span><\/p>\n<p>[\/et_pb_text][\/et_pb_column][et_pb_column type=&#8221;1_4&#8243; _builder_version=&#8221;4.24.2&#8243; _module_preset=&#8221;default&#8221; global_colors_info=&#8221;{}&#8221;][et_pb_heading title=&#8221;KURSEONG NORTH&#8221; _builder_version=&#8221;4.24.2&#8243; _module_preset=&#8221;default&#8221; title_font=&#8221;|700|||||||&#8221; global_colors_info=&#8221;{}&#8221;][\/et_pb_heading][et_pb_text _builder_version=&#8221;4.27.3&#8243; _module_preset=&#8221;default&#8221; text_font=&#8221;|600|||||||&#8221; global_colors_info=&#8221;{}&#8221;]<\/p>\n<p><span style=\"font-size: 18px; color: #000000;\">Margaret&#8217;s Hope Tea Estate<\/span><\/p>\n<p><span style=\"font-size: 18px; color: #000000;\">Ambootia Tea Estate (ORGANIC)<\/span><\/p>\n<p><span style=\"font-size: 18px; color: #000000;\">Moondakotee Tea Estate (ORGANIC)<\/span><\/p>\n<p><span style=\"font-size: 18px; color: #000000;\">Oaks Tea Estate<\/span><\/p>\n<p><span style=\"font-size: 18px; color: #000000;\">Balasun Tea Estate<\/span><\/p>\n<p><span style=\"font-size: 18px; color: #000000;\">Edenvale Tea Estate<\/span><\/p>\n<p><span style=\"font-size: 18px; color: #000000;\">Dilaram Tea Estate<\/span><\/p>\n<p><span style=\"font-size: 18px; color: #000000;\">Ringtong Tea Estate<\/span><\/p>\n<p><span style=\"font-size: 18px; color: #000000;\">Springside Tea Estate<\/span><\/p>\n<p><span style=\"font-size: 18px; color: #000000;\">Singell Tea Estate<\/span><\/p>\n<p>[\/et_pb_text][\/et_pb_column][et_pb_column type=&#8221;1_4&#8243; _builder_version=&#8221;4.24.2&#8243; _module_preset=&#8221;default&#8221; global_colors_info=&#8221;{}&#8221;][et_pb_heading title=&#8221;KURSEONG SOUTH&#8221; _builder_version=&#8221;4.24.2&#8243; _module_preset=&#8221;default&#8221; title_font=&#8221;|700|||||||&#8221; global_colors_info=&#8221;{}&#8221;][\/et_pb_heading][et_pb_text _builder_version=&#8221;4.27.3&#8243; _module_preset=&#8221;default&#8221; text_font=&#8221;|600|||||||&#8221; global_colors_info=&#8221;{}&#8221;]<\/p>\n<p><span style=\"color: #000000;\"><span style=\"font-size: 18px;\">Castelton Tea Estate<\/span><\/span><\/p>\n<p><span style=\"font-size: 18px; color: #000000;\">Tindharia Tea Estate (ORGANIC)<\/span><\/p>\n<p><span style=\"font-size: 18px; color: #000000;\">Jungapana Tea Estate (ORGANIC)<\/span><\/p>\n<p><span style=\"font-size: 18px; color: #000000;\">Giddhapahar Tea Estate<\/span><\/p>\n<p><span style=\"font-size: 18px; color: #000000;\">Sivitar Tea Estate (ORGANIC)<\/span><\/p>\n<p><span style=\"font-size: 18px; color: #000000;\">Goomtee Tea Estate<\/span><\/p>\n<p><span style=\"font-size: 18px; color: #000000;\">Nurbong Tea Estate (ORGANIC)<\/span><\/p>\n<p><span style=\"font-size: 18px; color: #000000;\">Jogamaya Tea Estate<\/span><\/p>\n<p><span style=\"font-size: 18px; color: #000000;\">Seepoydhoorah Tea Estate<\/span><\/p>\n<p><span style=\"font-size: 18px; color: #000000;\">Mohan Majhua Tea Estate<\/span><\/p>\n<p><span style=\"font-size: 18px; color: #000000;\">Makaibari Tea Estate (ORGANIC)<\/span><\/p>\n<p><span style=\"font-size: 18px; color: #000000;\">Longview Tea Estate<\/span><\/p>\n<p><span style=\"font-size: 18px; color: #000000;\">Mahalderam Tea Estate<\/span><\/p>\n<p><span style=\"font-size: 18px; color: #000000;\">Monteviot Tea Estate<\/span><\/p>\n<p><span style=\"font-size: 18px; color: #000000;\">Mullootar Tea Estate (ORGANIC)<\/span><\/p>\n<p><span style=\"font-size: 18px; color: #000000;\">Narbada Majhua Tea Estate<\/span><\/p>\n<p><span style=\"font-size: 18px; color: #000000;\">Rohini Tea Estate<\/span><\/p>\n<p><span style=\"font-size: 18px; color: #000000;\">Selim Hill Tea Estate<\/span><\/p>\n<p><span style=\"font-size: 18px;\">\u00a0<\/span><\/p>\n<p>[\/et_pb_text][\/et_pb_column][\/et_pb_row][et_pb_row column_structure=&#8221;1_4,1_4,1_4,1_4&#8243; _builder_version=&#8221;4.24.2&#8243; _module_preset=&#8221;default&#8221; global_colors_info=&#8221;{}&#8221;][et_pb_column type=&#8221;1_4&#8243; _builder_version=&#8221;4.24.2&#8243; _module_preset=&#8221;default&#8221; global_colors_info=&#8221;{}&#8221;][et_pb_heading title=&#8221;MIRIK&#8221; _builder_version=&#8221;4.24.2&#8243; _module_preset=&#8221;default&#8221; title_font=&#8221;|700|||||||&#8221; global_colors_info=&#8221;{}&#8221;][\/et_pb_heading][et_pb_text _builder_version=&#8221;4.27.3&#8243; _module_preset=&#8221;default&#8221; text_font=&#8221;|600|||||||&#8221; global_colors_info=&#8221;{}&#8221;]<\/p>\n<p><span style=\"color: #000000;\"><span style=\"font-size: 18px;\">Sourenee Tea Estate<\/span><\/span><\/p>\n<p><span style=\"font-size: 18px; color: #000000;\">Gopaldhara Tea Estate<\/span><\/p>\n<p><span style=\"font-size: 18px; color: #000000;\">Seeyok Tea Estate (ORGANIC)<\/span><\/p>\n<p><span style=\"font-size: 18px; color: #000000;\">Gayabari and Millikthong Tea Estate<\/span><\/p>\n<p><span style=\"font-size: 18px; color: #000000;\">Okayti Tea Estate<\/span><\/p>\n<p><span style=\"font-size: 18px; color: #000000;\">Phuguri Tea Estate<\/span><\/p>\n<p><span style=\"font-size: 18px; color: #000000;\">Thurbo Tea Estate<\/span><\/p>\n<p><span style=\"font-size: 18px; color: #000000;\">Singbulli Tea Estate (ORGANIC)<\/span><\/p>\n<p>[\/et_pb_text][\/et_pb_column][et_pb_column type=&#8221;1_4&#8243; _builder_version=&#8221;4.24.2&#8243; _module_preset=&#8221;default&#8221; global_colors_info=&#8221;{}&#8221;][et_pb_heading title=&#8221;RUNGBONG&#8221; _builder_version=&#8221;4.24.2&#8243; _module_preset=&#8221;default&#8221; title_font=&#8221;|700|||||||&#8221; global_colors_info=&#8221;{}&#8221;][\/et_pb_heading][et_pb_text _builder_version=&#8221;4.27.3&#8243; _module_preset=&#8221;default&#8221; text_font=&#8221;|600|||||||&#8221; global_colors_info=&#8221;{}&#8221;]<\/p>\n<p><span style=\"font-size: 18px; color: #000000;\">Dhajea Tea Estate (ORGANIC)<\/span><\/p>\n<p><span style=\"font-size: 18px; color: #000000;\">Avongrove Tea Estate<\/span><\/p>\n<p><span style=\"font-size: 18px; color: #000000;\">Chamong Tea Estate (ORGANIC)<\/span><\/p>\n<p><span style=\"font-size: 18px; color: #000000;\">Nagri Farm Tea Estate (ORGANIC)<\/span><\/p>\n<p><span style=\"font-size: 18px; color: #000000;\">Nagari Tea Estate<\/span><\/p>\n<p><span style=\"font-size: 18px; color: #000000;\">Upper Fagu Tea Estate<\/span><\/p>\n<p><span style=\"font-size: 18px; color: #000000;\">Selimbong Tea Estate<\/span><\/p>\n<p><span style=\"font-size: 18px; color: #000000;\">Sungma Tea Estate (ORGANIC)<\/span><\/p>\n<p><span style=\"font-size: 18px; color: #000000;\">Turzum Tea Estate (ORGANIC)<\/span><\/p>\n<p><span style=\"font-size: 18px; color: #000000;\">Tukdah Tea Estate (ORGANIC)<\/span><\/p>\n<p><span style=\"font-size: 18px; color: #000000;\">Teesta Valley Tea Estate<\/span><\/p>\n<p>[\/et_pb_text][\/et_pb_column][et_pb_column type=&#8221;1_4&#8243; _builder_version=&#8221;4.24.2&#8243; _module_preset=&#8221;default&#8221; global_colors_info=&#8221;{}&#8221;][et_pb_heading title=&#8221;TEESTA&#8221; _builder_version=&#8221;4.24.2&#8243; _module_preset=&#8221;default&#8221; title_font=&#8221;|700|||||||&#8221; global_colors_info=&#8221;{}&#8221;][\/et_pb_heading][et_pb_text _builder_version=&#8221;4.27.3&#8243; _module_preset=&#8221;default&#8221; text_font=&#8221;|600|||||||&#8221; global_colors_info=&#8221;{}&#8221;]<\/p>\n<p><span style=\"font-size: 18px; color: #000000;\">Runglee Rungliot Tea Estate<\/span><\/p>\n<p><span style=\"font-size: 18px; color: #000000;\">Ambiok\/Hillton Tea Estate<\/span><\/p>\n<p><span style=\"font-size: 18px; color: #000000;\">Gielle Tea Estate<\/span><\/p>\n<p><span style=\"font-size: 18px; color: #000000;\">Lopchu Tea Estate<\/span><\/p>\n<p><span style=\"font-size: 18px; color: #000000;\">Samabeong Tea Estate<\/span><\/p>\n<p><span style=\"font-size: 18px; color: #000000;\">Glenburn Tea Estate<\/span><\/p>\n<p><span style=\"font-size: 18px; color: #000000;\">Kumai\/Snow View Tea Estate<\/span><\/p>\n<p><span style=\"font-size: 18px; color: #000000;\">Namring\/Upper Namring Tea Estate<\/span><\/p>\n<p>[\/et_pb_text][\/et_pb_column][et_pb_column type=&#8221;1_4&#8243; _builder_version=&#8221;4.24.2&#8243; _module_preset=&#8221;default&#8221; global_colors_info=&#8221;{}&#8221;][\/et_pb_column][\/et_pb_row][\/et_pb_section]<\/p>\n","protected":false},"excerpt":{"rendered":"<p>Darjeeling-Tee: Geschichte, Geografie und Gegenwart Kolonialer Ursprung und ExpansionDer Name \u201eDarjeeling\u201c geht auf eine britische Fehlaussprache von \u201eDorjeeling\u201c zur\u00fcck. Die Briten starteten hier im 19. Jahrhundert ein Experiment, um das chinesische Tee-Monopol zu brechen. Nach dem Indo-Nepal-Krieg (1814\u20131816) expandierten sie in der Region und gr\u00fcndeten Teeg\u00e4rten, die bis heute existieren. Diese wurden zun\u00e4chst von indogermanischen [&hellip;]<\/p>\n","protected":false},"author":1,"featured_media":0,"parent":2,"menu_order":0,"comment_status":"open","ping_status":"closed","template":"","meta":{"_et_pb_use_builder":"on","_et_pb_old_content":"","_et_gb_content_width":"","jetpack_post_was_ever_published":true,"footnotes":""},"class_list":["post-146","page","type-page","status-publish","hentry"],"jetpack_sharing_enabled":true,"_links":{"self":[{"href":"https:\/\/himalayandorjeeling.com\/index.php?rest_route=\/wp\/v2\/pages\/146","targetHints":{"allow":["GET"]}}],"collection":[{"href":"https:\/\/himalayandorjeeling.com\/index.php?rest_route=\/wp\/v2\/pages"}],"about":[{"href":"https:\/\/himalayandorjeeling.com\/index.php?rest_route=\/wp\/v2\/types\/page"}],"author":[{"embeddable":true,"href":"https:\/\/himalayandorjeeling.com\/index.php?rest_route=\/wp\/v2\/users\/1"}],"replies":[{"embeddable":true,"href":"https:\/\/himalayandorjeeling.com\/index.php?rest_route=%2Fwp%2Fv2%2Fcomments&post=146"}],"version-history":[{"count":12,"href":"https:\/\/himalayandorjeeling.com\/index.php?rest_route=\/wp\/v2\/pages\/146\/revisions"}],"predecessor-version":[{"id":940,"href":"https:\/\/himalayandorjeeling.com\/index.php?rest_route=\/wp\/v2\/pages\/146\/revisions\/940"}],"up":[{"embeddable":true,"href":"https:\/\/himalayandorjeeling.com\/index.php?rest_route=\/wp\/v2\/pages\/2"}],"wp:attachment":[{"href":"https:\/\/himalayandorjeeling.com\/index.php?rest_route=%2Fwp%2Fv2%2Fmedia&parent=146"}],"curies":[{"name":"wp","href":"https:\/\/api.w.org\/{rel}","templated":true}]}}